{"id":2130,"date":"2022-05-01T00:12:47","date_gmt":"2022-04-30T22:12:47","guid":{"rendered":"https:\/\/beltracchi-project.de\/cms\/?page_id=2130"},"modified":"2022-05-02T13:44:57","modified_gmt":"2022-05-02T11:44:57","slug":"beltracchi-project","status":"publish","type":"page","link":"https:\/\/beltracchi-project.de\/cms\/beltracchi-project\/","title":{"rendered":"Beltracchi Project\u00a9"},"content":{"rendered":"<div class=\"fusion-fullwidth fullwidth-box fusion-builder-row-1 fusion-flex-container fusion-parallax-none nonhundred-percent-fullwidth non-hundred-percent-height-scrolling lazyload\" style=\"background-color: hsla(var(--awb-color1-h),var(--awb-color1-s),var(--awb-color1-l),calc( var(--awb-color1-a) - 50% ));background-position: left top;background-repeat: no-repeat;background-blend-mode: overlay;border-width: 3px 0px 3px 0px;border-color:#888888;border-style:solid;-webkit-background-size:cover;-moz-background-size:cover;-o-background-size:cover;background-size:cover;\" data-bg=\"https:\/\/beltracchi-project.de\/cms\/wp-content\/uploads\/2022\/04\/wrapperbg-scaled.jpg\" ><div class=\"fusion-builder-row fusion-row fusion-flex-align-items-flex-start\" style=\"max-width:calc( 1170px + 0px );margin-left: calc(-0px \/ 2 );margin-right: calc(-0px \/ 2 );\"><div class=\"fusion-layout-column fusion_builder_column fusion-builder-column-0 fusion_builder_column_1_1 1_1 fusion-flex-column fusion-flex-align-self-flex-start fusion-column-no-min-height\"><div class=\"fusion-column-wrapper fusion-flex-justify-content-flex-start fusion-content-layout-column\" style=\"background-position:left top;background-blend-mode: overlay;background-repeat:no-repeat;-webkit-background-size:cover;-moz-background-size:cover;-o-background-size:cover;background-size:cover;padding: 0px 0px 0px 0px;\"><div style=\"text-align:left;\"><style type=\"text\/css\">.fusion-button.button-1 .fusion-button-text, .fusion-button.button-1 i {color:#ffffff;}.fusion-button.button-1 .fusion-button-icon-divider{border-color:#ffffff;}.fusion-button.button-1:hover .fusion-button-text, .fusion-button.button-1:hover i,.fusion-button.button-1:focus .fusion-button-text, .fusion-button.button-1:focus i,.fusion-button.button-1:active .fusion-button-text, .fusion-button.button-1:active{color:#ffffff;}.fusion-button.button-1:hover .fusion-button-icon-divider, .fusion-button.button-1:hover .fusion-button-icon-divider, .fusion-button.button-1:active .fusion-button-icon-divider{border-color:#ffffff;}.fusion-button.button-1:hover, .fusion-button.button-1:focus, .fusion-button.button-1:active{border-color:var(--awb-color1);}.fusion-button.button-1 {border-color:var(--awb-color1);border-radius:0px;}.fusion-button.button-1{background: #000000;}.fusion-button.button-1:hover,.button-1:focus,.fusion-button.button-1:active{background: #000000;\n\t\t\t\t\t\t\tbackground-image: -webkit-gradient( linear, left bottom, left top, from( hsla(var(--awb-color5-h),calc(var(--awb-color5-s) - 2%),calc(var(--awb-color5-l) - 7%),var(--awb-color5-a)) ), to( #000000 ) );\n\t\t\t\t\t\t\tbackground-image: -webkit-linear-gradient( bottom, hsla(var(--awb-color5-h),calc(var(--awb-color5-s) - 2%),calc(var(--awb-color5-l) - 7%),var(--awb-color5-a)), #000000 );\n\t\t\t\t\t\t\tbackground-image:   -moz-linear-gradient( bottom, hsla(var(--awb-color5-h),calc(var(--awb-color5-s) - 2%),calc(var(--awb-color5-l) - 7%),var(--awb-color5-a)), #000000 );\n\t\t\t\t\t\t\tbackground-image:     -o-linear-gradient( bottom, hsla(var(--awb-color5-h),calc(var(--awb-color5-s) - 2%),calc(var(--awb-color5-l) - 7%),var(--awb-color5-a)), #000000 );\n\t\t\t\t\t\t\tbackground-image: linear-gradient( to top, hsla(var(--awb-color5-h),calc(var(--awb-color5-s) - 2%),calc(var(--awb-color5-l) - 7%),var(--awb-color5-a)), #000000 );}<\/style><a class=\"fusion-button button-flat button-xlarge button-custom button-1 fusion-button-default-span fusion-button-default-type\" target=\"_self\"><span class=\"fusion-button-text\">BELTRACCHI PROJECT\u00a9 <\/span><\/a><\/div><div class=\"fusion-separator fusion-full-width-sep\" style=\"align-self: center;margin-left: auto;margin-right: auto;margin-top:20px;margin-bottom:20px;width:100%;\"><\/div><div class=\"fusion-text fusion-text-1\"><p>Fotograf MANFRED ESSER<br \/>\nMaler WOLFGANG BELTRACCHI<\/p>\n<p>Das \u201eBeltracchi Project\u201c sind\u00a0 Fotoarbeiten von Manfred Esser, \u00fcbermalt von Wolfgang Beltracchi.<\/p>\n<p>Das Thema der ersten Serie bilden verschiedene schwarz\/wei\u00dfe und farbige,\u00a0gro\u00dfformatige Fotoabz\u00fcge, die das Portrait des K\u00fcnstlers\u00a0Wolfgang Beltracchi zeigen.<br \/>\nDurch die \u00dcbermalung wird jedes Bild zum Unikat.<\/p>\n<p>Die Idee der k\u00fcnstlerischen Zusammenarbeit entwickelte sich aus der langen Freundschaft der beiden K\u00fcnstler und den pers\u00f6nlichen, sehr einschneidenden Erlebnissen Wolfgang Beltracchis aus dem Prozess vor dem K\u00f6lner Landgericht und dem damit zusammenh\u00e4ngenden Gef\u00e4ngnisaufenthalt.<\/p>\n<p>Manfred Esser hat seinen Freund in dieser harten Zeit unterst\u00fctzt. Mit Hilfe dieser Freundschaft gelang es Wolfgang Beltracchi, seine Erfahrungen in eine neue Form zu bringen. Es entstand das Projekt der beiden K\u00fcnstler, in dem Beltracchi seine Beziehung zu den Malern der klassischen Moderne \u00a0auf einem neuen Weg verarbeitet.<\/p>\n<p>Der kreative Einfluss der K\u00fcnstler des beginnenden 20ten Jahrhunderts auf das Leben des Malers spiegelt sich in der malerischen Bearbeitung der ausdrucksstarken Fotografien wider.<\/p>\n<p>Aus der Symbiose von Malerei + Fotografie entsteht eine kreative Spannung, in welcher sich die Entwicklung der Malerei des vergangenen Jahrhunderts auf kontempor\u00e4re Weise ausdr\u00fcckt.<br \/>\nDie Frage <em>\u201eWas ist ein Original?\u201c<\/em> wird aufs Neue gestellt.<\/p>\n<p>Die Zusammenarbeit und somit auch das Beltracchi-Project wurden am 1. September 2012 beendet, da sich Wolfgang Beltracchi nunmehr wieder anderen selbstinitiierten Projekten widmet.<br \/>\nZur Webseite des K\u00fcnstlers Wolfgang Beltracchi gelangen Sie hier: <a href=\"https:\/\/www.beltracchi-art.com\/\" target=\"_blank\" rel=\"noopener\">www.beltracchi-art.com<\/a><\/p>\n<\/div><\/div><\/div><style type=\"text\/css\">.fusion-body .fusion-builder-column-0{width:100% !important;margin-top : 0px;margin-bottom : 0px;}.fusion-builder-column-0 > .fusion-column-wrapper {padding-top : 0px !important;padding-right : 0px !important;margin-right : 0px;padding-bottom : 0px !important;padding-left : 0px !important;margin-left : 0px;}@media only screen and (max-width:1024px) {.fusion-body .fusion-builder-column-0{width:100% !important;}.fusion-builder-column-0 > .fusion-column-wrapper {margin-right : 0px;margin-left : 0px;}}@media only screen and (max-width:850px) {.fusion-body .fusion-builder-column-0{width:100% !important;}.fusion-builder-column-0 > .fusion-column-wrapper {margin-right : 0px;margin-left : 0px;}}<\/style><\/div><style type=\"text\/css\">.fusion-body .fusion-flex-container.fusion-builder-row-1{ padding-top : 60px;margin-top : 0px;padding-right : 0px;padding-bottom : 60px;margin-bottom : 0px;padding-left : 0px;}<\/style><\/div>\n","protected":false},"excerpt":{"rendered":"","protected":false},"author":1,"featured_media":0,"parent":0,"menu_order":0,"comment_status":"open","ping_status":"closed","template":"100-width.php","meta":[],"_links":{"self":[{"href":"https:\/\/beltracchi-project.de\/cms\/wp-json\/wp\/v2\/pages\/2130"}],"collection":[{"href":"https:\/\/beltracchi-project.de\/cms\/wp-json\/wp\/v2\/pages"}],"about":[{"href":"https:\/\/beltracchi-project.de\/cms\/wp-json\/wp\/v2\/types\/page"}],"author":[{"embeddable":true,"href":"https:\/\/beltracchi-project.de\/cms\/wp-json\/wp\/v2\/users\/1"}],"replies":[{"embeddable":true,"href":"https:\/\/beltracchi-project.de\/cms\/wp-json\/wp\/v2\/comments?post=2130"}],"version-history":[{"count":4,"href":"https:\/\/beltracchi-project.de\/cms\/wp-json\/wp\/v2\/pages\/2130\/revisions"}],"predecessor-version":[{"id":2135,"href":"https:\/\/beltracchi-project.de\/cms\/wp-json\/wp\/v2\/pages\/2130\/revisions\/2135"}],"wp:attachment":[{"href":"https:\/\/beltracchi-project.de\/cms\/wp-json\/wp\/v2\/media?parent=2130"}],"curies":[{"name":"wp","href":"https:\/\/api.w.org\/{rel}","templated":true}]}}