{"id":2419,"date":"2022-05-01T00:15:07","date_gmt":"2022-04-30T22:15:07","guid":{"rendered":"https:\/\/beltracchi-project.de\/cms\/manfred-esser\/"},"modified":"2022-05-02T13:19:05","modified_gmt":"2022-05-02T11:19:05","slug":"manfred-esser","status":"publish","type":"page","link":"https:\/\/beltracchi-project.de\/cms\/manfred-esser\/?lang=fr","title":{"rendered":"Manfred Esser"},"content":{"rendered":"<div class=\"fusion-fullwidth fullwidth-box fusion-builder-row-1 fusion-flex-container fusion-parallax-none nonhundred-percent-fullwidth non-hundred-percent-height-scrolling lazyload\" style=\"background-color: hsla(var(--awb-color1-h),var(--awb-color1-s),var(--awb-color1-l),calc( var(--awb-color1-a) - 50% ));background-position: left top;background-repeat: no-repeat;background-blend-mode: overlay;border-width: 3px 0px 3px 0px;border-color:#888888;border-style:solid;-webkit-background-size:cover;-moz-background-size:cover;-o-background-size:cover;background-size:cover;\" data-bg=\"https:\/\/beltracchi-project.de\/cms\/wp-content\/uploads\/2022\/04\/wrapperbg-scaled.jpg\" ><div class=\"fusion-builder-row fusion-row fusion-flex-align-items-flex-start\" style=\"max-width:calc( 1170px + 0px );margin-left: calc(-0px \/ 2 );margin-right: calc(-0px \/ 2 );\"><div class=\"fusion-layout-column fusion_builder_column fusion-builder-column-0 fusion_builder_column_1_1 1_1 fusion-flex-column fusion-flex-align-self-flex-start fusion-column-no-min-height\"><div class=\"fusion-column-wrapper fusion-flex-justify-content-flex-start fusion-content-layout-column\" style=\"background-position:left top;background-blend-mode: overlay;background-repeat:no-repeat;-webkit-background-size:cover;-moz-background-size:cover;-o-background-size:cover;background-size:cover;padding: 0px 0px 0px 0px;\"><div style=\"text-align:left;\"><style type=\"text\/css\">.fusion-button.button-1 .fusion-button-text, .fusion-button.button-1 i {color:#ffffff;}.fusion-button.button-1 .fusion-button-icon-divider{border-color:#ffffff;}.fusion-button.button-1:hover .fusion-button-text, .fusion-button.button-1:hover i,.fusion-button.button-1:focus .fusion-button-text, .fusion-button.button-1:focus i,.fusion-button.button-1:active .fusion-button-text, .fusion-button.button-1:active{color:#ffffff;}.fusion-button.button-1:hover .fusion-button-icon-divider, .fusion-button.button-1:hover .fusion-button-icon-divider, .fusion-button.button-1:active .fusion-button-icon-divider{border-color:#ffffff;}.fusion-button.button-1:hover, .fusion-button.button-1:focus, .fusion-button.button-1:active{border-color:var(--awb-color1);}.fusion-button.button-1 {border-color:var(--awb-color1);border-radius:0px;}.fusion-button.button-1{background: #000000;}.fusion-button.button-1:hover,.button-1:focus,.fusion-button.button-1:active{background: #000000;\n\t\t\t\t\t\t\tbackground-image: -webkit-gradient( linear, left bottom, left top, from( hsla(var(--awb-color5-h),calc(var(--awb-color5-s) - 2%),calc(var(--awb-color5-l) - 7%),var(--awb-color5-a)) ), to( #000000 ) );\n\t\t\t\t\t\t\tbackground-image: -webkit-linear-gradient( bottom, hsla(var(--awb-color5-h),calc(var(--awb-color5-s) - 2%),calc(var(--awb-color5-l) - 7%),var(--awb-color5-a)), #000000 );\n\t\t\t\t\t\t\tbackground-image:   -moz-linear-gradient( bottom, hsla(var(--awb-color5-h),calc(var(--awb-color5-s) - 2%),calc(var(--awb-color5-l) - 7%),var(--awb-color5-a)), #000000 );\n\t\t\t\t\t\t\tbackground-image:     -o-linear-gradient( bottom, hsla(var(--awb-color5-h),calc(var(--awb-color5-s) - 2%),calc(var(--awb-color5-l) - 7%),var(--awb-color5-a)), #000000 );\n\t\t\t\t\t\t\tbackground-image: linear-gradient( to top, hsla(var(--awb-color5-h),calc(var(--awb-color5-s) - 2%),calc(var(--awb-color5-l) - 7%),var(--awb-color5-a)), #000000 );}<\/style><a class=\"fusion-button button-flat button-xlarge button-custom button-1 fusion-button-default-span fusion-button-default-type\" target=\"_self\"><span class=\"fusion-button-text\">Manfred Esser<\/span><\/a><\/div><div class=\"fusion-separator fusion-full-width-sep\" style=\"align-self: center;margin-left: auto;margin-right: auto;margin-top:20px;margin-bottom:20px;width:100%;\"><\/div><div class=\"fusion-text fusion-text-1\"><p><img class=\"lazyload size-full wp-image-2139 alignleft\" src=\"data:image\/svg+xml,%3Csvg%20xmlns%3D%27http%3A%2F%2Fwww.w3.org%2F2000%2Fsvg%27%20width%3D%27200%27%20height%3D%27300%27%20viewBox%3D%270%200%20200%20300%27%3E%3Crect%20width%3D%27200%27%20height%3D%273300%27%20fill-opacity%3D%220%22%2F%3E%3C%2Fsvg%3E\" data-orig-src=\"https:\/\/beltracchi-project.de\/cms\/wp-content\/uploads\/2022\/05\/manfredesser.jpg\" alt=\"\" width=\"200\" height=\"300\" \/>Apr\u00e8s son apprentissage dans un studio photographique pour photographies portrait et th\u00e9\u00e2tre \u00e0 Cologne, Manfred Esser a pu faire des exp\u00e9riences en tant que photographe d\u00b4agence avant de s\u00b4installer \u00e0 son compte avec son propre studio il y a 25 ans.<\/p>\n<p>Manfred Esser est devenu connu par ses travaux comme photographe-peuple. Il travaille dans le secteur de photographie de publicit\u00e9, mode et musique pour des marques et des entreprises notables  entre autres : Bayer AG, Heinz, Rewe, Christ, LG, Ratiopharm, WDR, RTL, Sony, Universal et EMI. Les photo shootings et les productions des vid\u00e9os ont lieu avec sa propre \u00e9quipe dans ses studios, mais sont aussi r\u00e9alis\u00e9s en tout lieu de tournage voulu, du yacht \u00e0 l\u00b4h\u00e9licopt\u00e8re ou aux plus beaux endroits du monde.<\/p>\n<p>Manfred Esser est convaincu que personne ne peut \u00e9chapper \u00e0 la fascination de photographies expressives, sachant qu\u00b4il n\u00b4est pas toujours question de rendre une personne plus belle ou plus sensuelle. Ce qui compte pour lui, c\u00b4est la cr\u00e9dibilit\u00e9 et l\u00b4authenticit\u00e9 des portraits dont il a toujours perfectionn\u00e9 la mise en \u0153uvre.<\/p>\n<p>La liste de ses clients c\u00e9l\u00e8bres et de longue date est grande. Sur cette liste figurent des acteurs, des sportifs et des artistes de la sc\u00e8ne de film, sport et musique allemande et internationale, entre autres :  Mario Adorf, Michael Ballack, Harry Belafonte, Dieter Bohlen, J\u00fcrgen Drews, Oliver Geissen, Herbert Gr\u00f6nemeyer, Kate Hall, La Toya Jackson, Oliver Kahn, Anna Maria Kaufmann, Heike Makatsch, Carmen Nebel, Sally Oldfield, Wolfgang Petry, Stefan Raab, Matthias Reim, B\u00e4rbel Sch\u00e4fer, Johnny Logan et beaucoup d\u00b4autres<br \/>\nListe de r\u00e9f\u00e9rences<\/p>\n<\/div><\/div><\/div><style type=\"text\/css\">.fusion-body .fusion-builder-column-0{width:100% !important;margin-top : 0px;margin-bottom : 0px;}.fusion-builder-column-0 > .fusion-column-wrapper {padding-top : 0px !important;padding-right : 0px !important;margin-right : 0px;padding-bottom : 0px !important;padding-left : 0px !important;margin-left : 0px;}@media only screen and (max-width:1024px) {.fusion-body .fusion-builder-column-0{width:100% !important;}.fusion-builder-column-0 > .fusion-column-wrapper {margin-right : 0px;margin-left : 0px;}}@media only screen and (max-width:850px) {.fusion-body .fusion-builder-column-0{width:100% !important;}.fusion-builder-column-0 > .fusion-column-wrapper {margin-right : 0px;margin-left : 0px;}}<\/style><\/div><style type=\"text\/css\">.fusion-body .fusion-flex-container.fusion-builder-row-1{ padding-top : 60px;margin-top : 0px;padding-right : 0px;padding-bottom : 60px;margin-bottom : 0px;padding-left : 0px;}<\/style><\/div>\n","protected":false},"excerpt":{"rendered":"","protected":false},"author":1,"featured_media":0,"parent":0,"menu_order":0,"comment_status":"open","ping_status":"closed","template":"100-width.php","meta":[],"_links":{"self":[{"href":"https:\/\/beltracchi-project.de\/cms\/wp-json\/wp\/v2\/pages\/2419"}],"collection":[{"href":"https:\/\/beltracchi-project.de\/cms\/wp-json\/wp\/v2\/pages"}],"about":[{"href":"https:\/\/beltracchi-project.de\/cms\/wp-json\/wp\/v2\/types\/page"}],"author":[{"embeddable":true,"href":"https:\/\/beltracchi-project.de\/cms\/wp-json\/wp\/v2\/users\/1"}],"replies":[{"embeddable":true,"href":"https:\/\/beltracchi-project.de\/cms\/wp-json\/wp\/v2\/comments?post=2419"}],"version-history":[{"count":2,"href":"https:\/\/beltracchi-project.de\/cms\/wp-json\/wp\/v2\/pages\/2419\/revisions"}],"predecessor-version":[{"id":2421,"href":"https:\/\/beltracchi-project.de\/cms\/wp-json\/wp\/v2\/pages\/2419\/revisions\/2421"}],"wp:attachment":[{"href":"https:\/\/beltracchi-project.de\/cms\/wp-json\/wp\/v2\/media?parent=2419"}],"curies":[{"name":"wp","href":"https:\/\/api.w.org\/{rel}","templated":true}]}}

<div class="fusion-fullwidth fullwidth-box fusion-builder-row-1 fusion-flex-container fusion-parallax-none nonhundred-percent-fullwidth non-hundred-percent-height-scrolling lazyload" style="background-color: hsla(var(--awb-color1-h),var(--awb-color1-s),var(--awb-color1-l),calc( var(--awb-color1-a) - 50% ));background-position: left top;background-repeat: no-repeat;background-blend-mode: overlay;border-width: 3px 0px 3px 0px;border-color:#888888;border-style:solid;-webkit-background-size:cover;-moz-background-size:cover;-o-background-size:cover;background-size:cover;" data-bg="https://beltracchi-project.de/cms/wp-content/uploads/2022/04/wrapperbg-scaled.jpg" ><div class="fusion-builder-row fusion-row fusion-flex-align-items-flex-start" style="max-width:calc( 1170px + 0px );margin-left: calc(-0px / 2 );margin-right: calc(-0px / 2 );"><div class="fusion-layout-column fusion_builder_column fusion-builder-column-0 fusion_builder_column_1_1 1_1 fusion-flex-column fusion-flex-align-self-flex-start fusion-column-no-min-height"><div class="fusion-column-wrapper fusion-flex-justify-content-flex-start fusion-content-layout-column" style="background-position:left top;background-blend-mode: overlay;background-repeat:no-repeat;-webkit-background-size:cover;-moz-background-size:cover;-o-background-size:cover;background-size:cover;padding: 0px 0px 0px 0px;"><div style="text-align:left;"><style type="text/css">.fusion-button.button-1 .fusion-button-text, .fusion-button.button-1 i {color:#ffffff;}.fusion-button.button-1 .fusion-button-icon-divider{border-color:#ffffff;}.fusion-button.button-1:hover .fusion-button-text, .fusion-button.button-1:hover i,.fusion-button.button-1:focus .fusion-button-text, .fusion-button.button-1:focus i,.fusion-button.button-1:active .fusion-button-text, .fusion-button.button-1:active{color:#ffffff;}.fusion-button.button-1:hover .fusion-button-icon-divider, .fusion-button.button-1:hover .fusion-button-icon-divider, .fusion-button.button-1:active .fusion-button-icon-divider{border-color:#ffffff;}.fusion-button.button-1:hover, .fusion-button.button-1:focus, .fusion-button.button-1:active{border-color:var(--awb-color1);}.fusion-button.button-1 {border-color:var(--awb-color1);border-radius:0px;}.fusion-button.button-1{background: #000000;}.fusion-button.button-1:hover,.button-1:focus,.fusion-button.button-1:active{background: #000000;
							background-image: -webkit-gradient( linear, left bottom, left top, from( hsla(var(--awb-color5-h),calc(var(--awb-color5-s) - 2%),calc(var(--awb-color5-l) - 7%),var(--awb-color5-a)) ), to( #000000 ) );
							background-image: -webkit-linear-gradient( bottom, hsla(var(--awb-color5-h),calc(var(--awb-color5-s) - 2%),calc(var(--awb-color5-l) - 7%),var(--awb-color5-a)), #000000 );
							background-image:   -moz-linear-gradient( bottom, hsla(var(--awb-color5-h),calc(var(--awb-color5-s) - 2%),calc(var(--awb-color5-l) - 7%),var(--awb-color5-a)), #000000 );
							background-image:     -o-linear-gradient( bottom, hsla(var(--awb-color5-h),calc(var(--awb-color5-s) - 2%),calc(var(--awb-color5-l) - 7%),var(--awb-color5-a)), #000000 );
							background-image: linear-gradient( to top, hsla(var(--awb-color5-h),calc(var(--awb-color5-s) - 2%),calc(var(--awb-color5-l) - 7%),var(--awb-color5-a)), #000000 );}</style><a class="fusion-button button-flat button-xlarge button-custom button-1 fusion-button-default-span fusion-button-default-type" target="_self"><span class="fusion-button-text">Manfred Esser</span></a></div><div class="fusion-separator fusion-full-width-sep" style="align-self: center;margin-left: auto;margin-right: auto;margin-top:20px;margin-bottom:20px;width:100%;"></div><div class="fusion-text fusion-text-1"><p><img class="lazyload size-full wp-image-2139 alignleft" src="data:image/svg+xml,%3Csvg%20xmlns%3D%27http%3A%2F%2Fwww.w3.org%2F2000%2Fsvg%27%20width%3D%27200%27%20height%3D%27300%27%20viewBox%3D%270%200%20200%20300%27%3E%3Crect%20width%3D%27200%27%20height%3D%273300%27%20fill-opacity%3D%220%22%2F%3E%3C%2Fsvg%3E" data-orig-src="https://beltracchi-project.de/cms/wp-content/uploads/2022/05/manfredesser.jpg" alt="" width="200" height="300" />Après son apprentissage dans un studio photographique pour photographies portrait et théâtre à Cologne, Manfred Esser a pu faire des expériences en tant que photographe d´agence avant de s´installer à son compte avec son propre studio il y a 25 ans.</p>
<p>Manfred Esser est devenu connu par ses travaux comme photographe-peuple. Il travaille dans le secteur de photographie de publicité, mode et musique pour des marques et des entreprises notables  entre autres : Bayer AG, Heinz, Rewe, Christ, LG, Ratiopharm, WDR, RTL, Sony, Universal et EMI. Les photo shootings et les productions des vidéos ont lieu avec sa propre équipe dans ses studios, mais sont aussi réalisés en tout lieu de tournage voulu, du yacht à l´hélicoptère ou aux plus beaux endroits du monde.</p>
<p>Manfred Esser est convaincu que personne ne peut échapper à la fascination de photographies expressives, sachant qu´il n´est pas toujours question de rendre une personne plus belle ou plus sensuelle. Ce qui compte pour lui, c´est la crédibilité et l´authenticité des portraits dont il a toujours perfectionné la mise en œuvre.</p>
<p>La liste de ses clients célèbres et de longue date est grande. Sur cette liste figurent des acteurs, des sportifs et des artistes de la scène de film, sport et musique allemande et internationale, entre autres :  Mario Adorf, Michael Ballack, Harry Belafonte, Dieter Bohlen, Jürgen Drews, Oliver Geissen, Herbert Grönemeyer, Kate Hall, La Toya Jackson, Oliver Kahn, Anna Maria Kaufmann, Heike Makatsch, Carmen Nebel, Sally Oldfield, Wolfgang Petry, Stefan Raab, Matthias Reim, Bärbel Schäfer, Johnny Logan et beaucoup d´autres<br />
Liste de références</p>
</div></div></div><style type="text/css">.fusion-body .fusion-builder-column-0{width:100% !important;margin-top : 0px;margin-bottom : 0px;}.fusion-builder-column-0 > .fusion-column-wrapper {padding-top : 0px !important;padding-right : 0px !important;margin-right : 0px;padding-bottom : 0px !important;padding-left : 0px !important;margin-left : 0px;}@media only screen and (max-width:1024px) {.fusion-body .fusion-builder-column-0{width:100% !important;}.fusion-builder-column-0 > .fusion-column-wrapper {margin-right : 0px;margin-left : 0px;}}@media only screen and (max-width:850px) {.fusion-body .fusion-builder-column-0{width:100% !important;}.fusion-builder-column-0 > .fusion-column-wrapper {margin-right : 0px;margin-left : 0px;}}</style></div><style type="text/css">.fusion-body .fusion-flex-container.fusion-builder-row-1{ padding-top : 60px;margin-top : 0px;padding-right : 0px;padding-bottom : 60px;margin-bottom : 0px;padding-left : 0px;}</style></div>
